ime factors of 406748204?
2, 101687051
List the prime factors of 24357081.
3, 7, 1159861
List the prime factors of 1265908188.
2, 3, 31, 3402979
List the prime factors of 120112283.
227, 529129
What are the prime factors of 41439861?
3, 1481, 3109
List the prime factors of 6863924493.
3, 43, 17736239
List the prime factors of 81005472.
2, 3, 73, 3853
List the prime factors of 895315388.
2, 11, 23, 884699
What are the prime factors of 973205244?
2, 3, 11, 1301, 1889
List the prime factors of 16477228.
2, 4119307
List the prime factors of 409823299.
479, 855581
List the prime factors of 331128662.
2, 1217, 136043
List the prime factors of 436972538.
2, 23, 9499403
List the prime factors of 765808920.
2, 3, 5, 23, 92489
What are the prime factors of 8370520?
2, 5, 209263
List the prime factors of 1310795.
5, 317, 827
What are the prime factors of 2862398655?
3, 5, 7067651
List the prime factors of 90858401.
6833, 13297
What are the prime factors of 78860607?
3, 7, 3755267
What are the prime factors of 103184427?
3, 137, 251057
What are the prime factors of 39361887?
3, 641, 6823
What are the prime factors of 921700597?
23, 47, 827, 1031
List the prime factors of 3702033259.
197, 1201, 15647
List the prime factors of 271746511.
271746511
List the prime factors of 627741888.
2, 3, 29, 112741
What are the prime factors of 271026367?
271026367
List the prime factors of 176579815.
5, 101, 349663
What are the prime factors of 27638641?
27638641
List the prime factors of 180388262.
2, 90194131
List the prime factors of 41652895.
5, 67, 124337
What are the prime factors of 3099216733?
131, 991, 23873
What are the prime factors of 425628880?
2, 5, 19, 107, 2617
What are the prime factors of 316698701?
11, 83, 346877
List the prime factors of 5727665866.
2, 13, 283, 59879
What are the prime factors of 2940611278?
2, 11, 17, 7862597
List the prime factors of 1079146359.
3, 119905151
List the prime factors of 271761586.
2, 103, 397, 3323
What are the prime factors of 59259517?
541, 109537
List the prime factors of 1869997198.
2, 23, 29, 53, 26449
What are the prime factors of 199599295?
5, 7, 17, 2819
List the prime factors of 2292552146.
2, 41, 353, 79201
List the prime factors of 890551541.
11, 80959231
List the prime factors of 65482947.
3, 7275883
List the prime factors of 635616981.
3, 70624109
What are the prime factors of 1213484470?
2, 5, 11, 163, 67679
What are the prime factors of 67136597?
11, 6103327
What are the prime factors of 1209144755?
5, 7, 13, 2657461
List the prime factors of 40983037.
40983037
What are the prime factors of 7736661691?
11, 73, 9634697
What are the prime factors of 286946616?
2, 3, 11, 1086919
What are the prime factors of 622202455?
5, 7, 17777213
What are the prime factors of 145970580?
2, 3, 5, 7, 367, 947
List the prime factors of 5747557.
19, 373, 811
What are the prime factors of 469211789?
469211789
List the prime factors of 85289547.
3, 7, 580201
List the prime factors of 5614774163.
5614774163
What are the prime factors of 74478628?
2, 7, 379993
List the prime factors of 1073190345.
3, 5, 43, 1663861
List the prime factors of 172336799.
263, 655273
List the prime factors of 43568766.
2, 3, 131, 2053
List the prime factors of 347299014.
2, 3, 31, 1303, 1433
List the prime factors of 121892139.
3, 41, 330331
List the prime factors of 32602038.
2, 3, 7, 347, 2237
What are the prime factors of 846110650?
2, 5, 7, 11, 19979
What are the prime factors of 253511833?
253511833
List the prime factors of 1528379745.
3, 5, 43, 173, 13697
What are the prime factors of 4981564188?
2, 3, 138376783
What are the prime factors of 182509966?
2, 91254983
List the prime factors of 202612985.
5, 40522597
List the prime factors of 823599457.
10663, 77239
List the prime factors of 60513756.
2, 3, 883, 5711
What are the prime factors of 38859911?
38859911
List the prime factors of 622900293.
3, 2393, 86767
What are the prime factors of 505767338?
2, 331, 763999
What are the prime factors of 89558527?
23, 3893849
What are the prime factors of 780924038?
2, 31, 227, 55487
What are the prime factors of 239142538?
2, 119571269
List the prime factors of 1055710656.
2, 3, 7, 11, 13, 1831
List the prime factors of 19434395.
5, 79, 49201
List the prime factors of 48424346.
2, 24212173
What are the prime factors of 10513298?
2, 5256649
List the prime factors of 107881916.
2, 61, 442139
List the prime factors of 344193407.
17, 2311, 8761
List the prime factors of 532895694.
2, 3, 23, 3861563
What are the prime factors of 31520154?
2, 3, 5253359
List the prime factors of 259296327.
3, 59, 488317
What are the prime factors of 53260551?
3, 1972613
What are the prime factors of 670926913?
17, 39466289
What are the prime factors of 709947741?
3, 236649247
List the prime factors of 74624921.
7, 179, 59557
What are the prime factors of 2647502802?
2, 3, 7, 1249, 16823
What are the prime factors of 902512366?
2, 7, 101, 638269
List the prime factors of 96356608.
2, 376393
List the prime factors of 877989851.
877989851
List the prime factors of 2457498199.
13, 2069, 91367
What are the prime factors of 756648722?
2, 7573, 49957
List the prime factors of 1037486102.
2, 199, 271, 9619
List the prime factors of 145632256.
2, 7, 11, 1847
What are the prime factors of 2899084229?
2243, 1292503
List the prime factors of 77482202.
2, 7, 173, 31991
What are the prime factors of 65152282?
2, 13, 2505857
List the prime factors of 6636918.
2, 3, 619, 1787
What are the prime factors of 231675555?
3, 5, 31, 498227
List the prime factors of 6114052684.
2, 1528513171
List the prime factors of 40157720.
2, 5, 1003943
What are the prime factors of 3843863277?
3, 1281287759
List the prime factors of 292391381.
17, 17199493
List the prime factors of 8408376572.
2, 103, 1283, 15907
List the prime factors of 1940948145.
3, 5, 1163, 37087
What are the prime factors of 7717885975?
5, 19, 16248181
What are the prime factors of 121396964?
2, 13, 2334557
List the prime factors of 71442523.
37, 1930879
What are the prime factors of 3232697?
13, 43, 5783
What are the prime factors of 622802549?
622802549
What are the prime factors of 1969228962?
2, 3, 61, 597823
What are the prime factors of 1538696844?
2, 3, 14247193
What are the prime factors of 2344569175?
5, 13, 7214059
List the prime factors of 2738195940.
2, 3, 5, 71, 642769
List the prime factors of 61564457.
191, 322327
List the prime factors of 369734779.
369734779
What are the prime factors of 186016350?
2, 3, 5, 13, 95393
What are the prime factors of 433474513?
29, 14947397
What are the prime factors of 66800209?
7, 433, 22039
List the prime factors of 1236393815.
5, 247278763
What are the prime factors of 405436398?
2, 3, 569, 118757
What are the prime factors of 952341095?
5, 190468219
What are the prime factors of 302846843?
13, 31, 751481
What are the prime factors of 2488834174?
2, 251, 4957837
What are the prime factors of 137804994?
2, 3, 109, 70237
List the prime factors of 651613985.
5, 11, 11847527
What are the prime factors of 523528539?
3, 4649, 37537
List the prime factors of 36019945.
5, 13, 107, 5179
List the prime factors of 73761009.
3, 7, 41, 85669
What are the prime factors of 6455917?
13, 496609
What are the prime factors of 441887616?
2, 3, 29, 4409
What are the prime factors of 3524949358?
2, 7, 4517, 7963
List the prime factors of 11029043.
11029043
List the prime factors of 1114259992.
2, 139282499
List the prime factors of 38717871.
3, 29, 445033
What are the prime factors of 2478006906?
2, 3, 29, 179, 79561
List the prime factors of 1103778646.
2, 6689, 82507
What are the prime factors of 316598938?
2, 19, 43, 193757
List the prime factors of 102812837.
193, 532709
List the prime factors of 29192088.
2, 3, 1216337
What are the prime factors of 74480726?
2, 79, 613, 769
What are the prime factors of 327650435?
5, 7, 17, 67, 8219
What are the prime factors of 431286104?
2, 61, 883783
What are the prime factors of 27423989?
401, 68389
What are the prime factors of 278489484?
2, 3, 7, 13, 85009
List the prime factors of 3928728019.
3928728019
What are the prime factors of 31580817?
3, 23, 347, 1319
List the prime factors of 138269639.
43, 193, 16661
What are the prime factors of 63892116?
2, 3, 